- a + 3 + x*a**2 - 5 + 1. Give b(1).
5
Let x = -4 + -3. Let l = 4 + x. Let d(f) = -3*f - 2. Let u(r) = 2*r + 1. Let k(y) = 3*d(y) + 4*u(y). Determine k(l).
1
Let r(t) = 6*t**2 - 3*t + 7. Let l(n) = -3*n**2 + n - 3. Let w(k) = k**3 - 3*k**2 + 3*k - 4. Let g be w(3). Let h(q) = g*l(q) + 2*r(q). Determine h(-2).
-11
Let r = -1 - -6. Let g(x) = 0 - 5*x**2 - 1 - 1 + x**3 - x. What is g(r)?
-7
Let f(r) = -8*r**3 + 2*r**2 - r + 8. Let s(b) = -7*b**3 + 2*b**2 - b + 7. Let w(c) = 6*f(c) - 7*s(c). What is w(1)?
-1
Suppose -2 = -4*w + 6. Let b(h) = 4 - 5 - h**3 - w*h + 0 - 5*h**2 - 1. Determine b(-5).
8
Let d(h) = -h + 6. Suppose 3*i + 7 = -8. Let u = 10 + i. Give d(u).
1
Let n(q) = q**3 - 5*q**2 + 3*q. Let f be 4/24 + (-29)/(-6). Let c = -2 + f. Calculate n(c).
-9
Suppose 0 = -4*d - 2*n + 12, 2*n - 13 = -5*d - n. Let y(p) = -p + d - p + 5*p. Let f be 26/(-6) - 6/9. Determine y(f).
-10
Let t(w) = -1 + 1 + 1. Let a(k) = 10 + k + 5 + 0 - 1. Let q(s) = -a(s) + 2*t(s). Give q(0).
-12
Let v = 0 + 0. Suppose -2*r - p - 1 = v, 3*p - 8*p = -3*r - 21. Let h be 0 - 0 - 7 - r. Let k(t) = t**2 + 6*t - 1. What is k(h)?
-6
Let x(d) = -21*d**2 + 6*d - 11. Let s(k) = -4*k**2 + k - 2. Let q(t) = 11*s(t) - 2*x(t). Determine q(-1).
-1
Suppose -3*i + 14 = -4*p - 0*i, 5*i - 10 = 0. Let m be -1 + -4 + 2 + p. Let g(u) = u**3 + 4*u**2 - 3*u + 3. Give g(m).
-7
Let l(j) = -3 + 4 + 7 - j. Determine l(0).
8
Let u be 2/(-9) + 28/(-36). Let f be (0 - 1)*(u + 0). Let r = f - -1. Let l(z) = -z**3 + 2*z**2 - 3*z + 1. What is l(r)?
-5
Let v(f) = f + 4. Let w(x) = -x**2 - 20*x - 2. Let z be w(-20). Give v(z).
2
Let b(w) be the second derivative of -2*w**3/3 - w**2 - w. Let n(m) = -2*m**2 - 3*m - 1. Let a be n(-2). What is b(a)?
10
Let v(m) = m**2 - 3*m - 2. Let p(f) = -3*f**2 + f**2 + 5*f**2 - 2*f**2. Let y be p(4). Suppose 4*d - 5*k = y, -k - 20 = -5*d - 5*k. Determine v(d).
2
Let t(q) = -15*q + 24. Let m(j) = 3*j - 5. Let a(b) = 11*m(b) + 2*t(b). Give a(5).
8
Let v(r) be the first derivative of 1/2*r**2 + 3*r + 1/6*r**4 - 1/2*r**3 + 2. Let g(c) be the first derivative of v(c). Determine g(2).
3
Let r = -50 - -50. Let j(p) = -p**3 - p**2 - 17. Give j(r).
-17
Let z(r) = -r**2 - 5*r - 4. Let k be 2*(70/4)/5. Let d = k - 11. What is z(d)?
0
Suppose -2*t - n = -12, 0 = -5*t + n + 4*n + 15. Suppose -7 = -t*p + 3. Let l(v) = -2*v - 1. Let j(x) = 11*x + 7. Let u(m) = j(m) + 5*l(m). Calculate u(p).
4
Let z(b) = 42 + 19*b + 3*b - 43. Determine z(-1).
-23
Let s(z) = 1. Let a(b) = -b - 1. Suppose 2*g - 6*g = -16. Suppose -v = 4*q - 5, 5 = 3*v + 2*v. Let y(c) = g*s(c) + q*a(c). Give y(0).
3
Let g(x) = -x**2 + 4*x + 1. Let i = 6 + -4. Suppose 5*w - k = 11, -i*k - 3 = -w - k. What is g(w)?
5
Let o be 2 + (-3)/(1/1). Let u(g) = -13*g + 7. Let d(f) = 6*f - 3. Let n(b) = -9*d(b) - 4*u(b). Determine n(o).
1
Let r(p) = p**2 - 3*p - 4. Suppose 3*i + 0*i = -12. Let w = -2 + i. Let h be (4 + w)/((-1)/2). Give r(h).
0
Let p(q) = -q**2 - 15*q**3 + 4*q + 14*q**3 - 5*q + 7. Suppose -15 = s - 5*d, 2*s + s = -5*d + 15. Give p(s).
7
Suppose -2 = 2*k + 2. Let w(v) = -v + 3. Let r(n) = -n + 4. Let d(a) = -4*r(a) + 5*w(a). Determine d(k).
1
Suppose -u + 3*u - c = 14, 5*c - 50 = -5*u. Let i(v) = -v**2 + 10*v - 12. What is i(u)?
4
Let r be 49/(-21)*8/7*3. Let w(z) = -z - 9. Calculate w(r).
-1
Let x(a) be the second derivative of -1/2*a**3 + 0*a**2 - 2*a + 0 + 1/6*a**4. Let t = 5 - 3. Calculate x(t).
2
Let l(n) = n**3 - 18*n**2 - 21*n + 43. Let s be l(19). Let z(h) be the third derivative of 0 + 1/2*h**3 + 0*h + h**2 + 1/12*h**4 - 1/60*h**s. Determine z(-2).
-5
Let x(b) = 5*b**2 - 5*b + 2. Let c(q) = 4*q**2 - 5*q + 1. Let y(u) = 6*c(u) - 5*x(u). What is y(-3)?
2
Let t(m) be the third derivative of m**7/840 - m**5/120 - 7*m**4/12 + m**3/6 + 5*m**2. Let k(a) be the first derivative of t(a). Determine k(0).
-14
Let t = -2 - 2. Let k = t + 6. Let z(i) = -3*i**3 + 2 - k + i. Calculate z(-1).
2
Let t(g) = 2*g - 13. Let p(c) = -c + 6. Suppose 4*y = 5*z - 12, y - z + 10 = 2*z. Let i(r) = y*t(r) + 5*p(r). Determine i(4).
0
Let z = 3 - 12. Let y = z - -12. Let x(w) = -w**2 + 2*w - 2. Determine x(y).
-5
Let m(a) = -a**2 + 2*a + 1. Let f(q) = q**2 - 4*q - 2. Let c(p) = 4*f(p) + 7*m(p). Let l = -1 - 0. Calculate c(l).
-2
Let y(a) = 0*a + 12 + a + 9 - 25. Suppose -5*o + 30 = 5*g, 0 = -g - 4*o + 6 + 6. Suppose 2*q - 30 = g*h, 45 = 5*q - 0*h - 4*h. Determine y(q).
1
Let s(l) = l + 1. Let n(f) = -1. Let a(z) = n(z) + 3*s(z). What is a(-2)?
-4
Let w(m) be the second derivative of m**4/12 - m**3/6 - m**2 - 12*m. Determine w(3).
4
Let w(b) = b**3 + 6*b**2 + 5*b + 5. Let m be w(-5). Let y be (-25)/(-2) + m/(-10). Let l be (-10)/14 - y/42. Let a(v) = -4*v**2 - 1. Calculate a(l).
-5
Let x be -2 - 1/(-2)*14. Let g(b) = 2*b + 5. Determine g(x).
15
Let w(h) = h**3 + h**2 + 5. Suppose -5*c - 30 = -0*c. Let p be (-123)/c + (-3)/6. Suppose -2*r = 3*y + 2*r + 20, 0 = 4*y - 4*r - p. What is w(y)?
5
Let w(g) be the third derivative of -g**6/120 + g**5/30 + g**4/8 - g**2. Suppose -5*b = 3 - 18. What is w(b)?
0
Let s(p) = -7*p. Suppose 5 = -c + 10. Suppose -c*r = -5 - 5. Suppose r*l - 7*l - 4*m - 3 = 0, -4 = 4*l + 4*m. Calculate s(l).
-7
Let q be 2*(-3)/(-36) + (-3)/20. Let d(n) be the third derivative of -q*n**5 + 0*n + 0 + 3/2*n**3 + 0*n**4 + 3*n**2 + 1/120*n**6. What is d(0)?
9
Let p(c) be the first derivative of -c**3/3 + 5*c**2/2 - 2*c + 4. Calculate p(6).
-8
Let g(u) = -18 + 10 + 8 + 2*u. Calculate g(2).
4
Let z(h) = -2*h + 7. Let a(u) = -4*u + 1. Let g be a(-1). Suppose g = v + m, v - 10 = -v - 4*m. Determine z(v).
-3
Let u = -24 - -23. Let z(n) = -3*n**3 + n**2 + n + 1. Give z(u).
4
Suppose -5*t + 19 = -1. Suppose 0 = -q - t*q - 35. Let j = q - -5. Let u(p) = 2*p**2 + 2*p - 2. Give u(j).
2
Let j(y) = -y**2 - 10*y - 9. Let k be j(-9). Let a(i) be the third derivative of -1/10*i**5 + 2*i**2 + 0*i + 0 + 0*i**4 + k*i**3. Give a(1).
-6
Suppose 3*y - 17 = -c, -2*y = -7*y + c + 23. Suppose 10*x = y*x. Let q(b) = -b**2 - 1. Calculate q(x).
-1
Suppose b + 3 = 0, -s - 3*s - 3*b + 7 = 0. Suppose s*i + 6 = 26. Let x(w) = -w**2 + 8*w - 6. What is x(i)?
9
Let f(d) = -d - 7. Let v be f(-4). Let r(i) = 6*i. Let u = 3 - -2. Let a(p) = 5*p. Let m(o) = u*a(o) - 4*r(o). Give m(v).
-3
Let z(w) = 2*w**2 - 3*w + 2. Let t be -5*((-85)/25 - -3). Calculate z(t).
4
Let d(c) = -c**2 - 3*c + 7. Let r(u) = -7*u**2 - 3*u + 4. Let t be r(1). Determine d(t).
-11
Let s(q) = q**2 + 5*q + 7. Suppose -183*d + 12 = -186*d. Calculate s(d).
3
Let u(y) be the second derivative of y**5/20 - y**4/4 - 2*y**3/3 + 2*y**2 - 5*y. What is u(4)?
4
Suppose -5*t = 4*r + 12, 0 = 19*r - 15*r - 2*t + 12. Let z(o) be the third derivative of -o**5/60 - o**4/8 - 2*o**3/3 - o**2. Give z(r).
-4
Suppose 0 = 3*q + 5 + 10. Let o(j) = -j - 1. Let t(l) be the first derivative of -3*l**2/2 - 3*l - 1. Let k(h) = 4*o(h) - t(h). Determine k(q).
4
Let z(b) = b**3 + 3*b**2 - 2*b + 2. Suppose v + 4 = -0*v. Give z(v).
-6
Let k = 5 + -3. Let v(n) = -n**2 - n + 1. Let f be v(k). Let x(h) be the first derivative of h**3/3 + 3*h**2 + 4*h - 4. Calculate x(f).
-1
Let d(c) = -c. Let m(u) = -u**3 - 7*u**2 - 11*u - 6. Let x be m(-5). What is d(x)?
1
Let h(q) be the first derivative of 0*q**5 + 2 + 1/6*q**3 - 1/2*q**2 + 0*q + 1/40*q**6 - 1/24*q**4. Let o(l) be the second derivative of h(l). What is o(1)?
3
Let o = 15 - 3. Let b be (-3)/o + 13/4. Let r = b - 5. Let f(s) = 2*s - 2. Determine f(r).
-6
Let r(d) be the third derivative of d**5/60 + d**4/8 + d**3/6 + 3*d**2. What is r(-3)?
1
Let p(b) = 3*b - 4. Let f be p(3). Suppose f*t - 29 = -4. Let d(k) = k**2 - 4*k + 4. Give d(t).
9
Let q = 66 - 62. Let k(v) be the third derivative of 1/60*v**5 + 0 + 1/8*v**q + v**2 + 0*v + 1/2*v**3. Give k(-2).
1
Let a(s) = 2*s**2 - 2*s + 1. Let i(q) = 3*q**2 - 3*q + 2. Let y(w) = -5*a(w) + 3*i(w). Let j(c) = 2*c**2 + 3*c - 8. Let h(k) = j(k) + y(k). Calculate h(-5).
-2
Let x(f) = -8*f**3 + 8*f**2 + f - 7. Let v(r) = 7*r**3 - 7*r**2 - r + 6. Let q(b) = 7*v(b) + 6*x(b). Determine q(-1).
-1
Let u(n) = -n - 8. Let i be u(-12). Let r(p) = -p**2 + 5*p + 3. Give r(i).
7
Suppose -w = -2*w - 5*q - 24, -2*w - 16 = 2*q. Let j(a) be the second derivative of 2*a**3/3 + 3*a**2 - 12*a. Determine j(w).
-10
Let o be 1 - 1/(-1)*-1. Let n(v) = v - 8 + 50*v**